-2*f + 60. Let l = 12 - 56. Let z = l + 67. What is the remainder when z is divided by f?
11
Let m = 29 - 9. Calculate the remainder when 124 is divided by 50/30*72/m.
4
Let p(w) = w**3 + 6*w**2 - 63*w - 17. What is the remainder when p(-11) is divided by 60?
11
Let v(o) = -o**2 - 4*o - 6. Let f be v(-5). Let a = f + 32. Let k(u) = -8*u**3 + u**2 - 1. Calculate the remainder when a is divided by k(-1).
5
Suppose -2*z + 5*z = 18. Suppose 4*w - 36 = w - 2*c, 3*w = -3*c + 39. Calculate the remainder when w is divided by z.
4
Let h(u) = -u**3 + 5*u**2 + 3*u - 7. Let k be h(5). Let z = 18 - k. Let n = z + -7. Calculate the remainder when 8 is divided by n.
2
Suppose -2*l = -2*c - 60, -2*l - 2*c = 3*c - 46. Calculate the remainder when (-6)/18 + (-408)/(-9) is divided by (-14)/1*(-24)/l.
9
Suppose -80*n = -84*n + 112. What is the remainder when 46 is divided by n?
18
Let v = 9 - -13. Let m = 133 - 32. Let p = m - 60. Calculate the remainder when p is divided by v.
19
Let z(c) = -5*c + 55. Let d be z(10). Let o(x) = -x**3 + 6*x**2 + 7*x - 1. Calculate the remainder when o(d) is divided by 5.
4
Suppose -12 = -4*q - 3*h, 5*q - 2*h = -2 - 6. Suppose q = -3*p - 9, i - 15 = 5*p - 2*p. What is the remainder when 32 is divided by i?
2
Let n(t) = -t + 31. What is the remainder when n(-10) is divided by 15?
11
Suppose 4*n + 44 = 2*w + 16, n = -5*w - 7. Let f = n - -12. Suppose 0 = y + 3*z - 19, -4*y - y - f*z = -95. What is the remainder when y is divided by 10?
9
Let g(o) = -4*o + 54. What is the remainder when 39 is divided by g(11)?
9
Let u = 1 + 2. Calculate the remainder when (-9)/(-6)*(-1012)/(-33) is divided by (-31)/(-2) + u/6.
14
Let o be 2/(-9) - (-4424)/63. Suppose -o = 80*n - 85*n. What is the remainder when 66 is divided by n?
10
Suppose p + 4*p = q - 13, -4*p = -3*q + 39. Suppose 26*l + 515 = 31*l. Calculate the remainder when l is divided by q.
12
Let h = -346 - -413. Calculate the remainder when 466 is divided by h.
64
Let s(q) = q**3 + 7*q**2 + 2*q - 1. Let b(f) = f**3 + 2*f**2 - f + 13. What is the remainder when s(-6) is divided by b(0)?
10
Let x = -22 + 22. Let d = 12 - x. Calculate the remainder when d is divided by 4 - -1*(2 - 1).
2
Let w(m) = m**3 + 6*m**2 - 4*m - 5. Let r be w(-6). Let f = r + 40. What is the remainder when f is divided by 20?
19
Let o = 411 + -342. Calculate the remainder when 215 is divided by o.
8
Let z(v) = 2*v**2 + 43*v + 29. Let l be z(-21). Calculate the remainder when 2/l*2*(106 + 6) is divided by 19.
18
Let p = -37 + 41. Suppose p*y = 23 + 21. Calculate the remainder when 19 is divided by y.
8
Suppose -24*r = 1 - 193. Calculate the remainder when r is divided by 2.
0
Let l = -113 - -136. Suppose -a - b = 3*a + 89, 0 = 2*a + 2*b + 52. Let k = a + 34. What is the remainder when l is divided by k?
10
Let x(d) = -d + 11. Let r be x(9). Suppose s - r*s = -5. Suppose -b = -s*t + 2 - 1, 47 = 4*b - 3*t. What is the remainder when 26 is divided by b?
12
Let c(s) be the first derivative of -117*s**4/4 + 2*s**3/3 - s - 10. Calculate the remainder when c(-1) is divided by 40.
38
Let s(i) = 12*i**2 - i. Calculate the remainder when s(2) is divided by (13 - -1)*2*21/49.
10
Let n be (78/(-15) + 2)*(6 - -34). Let c = n + 297. What is the remainder when c is divided by 43?
40
Let y be (-32)/6*18/(-12). Suppose -y = -2*c - 2*c. Suppose 39 = c*f + 3*s, 4*f = 2*f - 2*s + 36. What is the remainder when f is divided by 9?
6
Let f(k) be the first derivative of k**4/4 - k**3/3 + k**2 - k + 11. Calculate the remainder when 88 is divided by f(3).
19
Let o(z) = z**2 - 6*z + 1. Let i(m) = 2*m + 3. Let x be i(13). Let p = x + -20. Calculate the remainder when 109 is divided by o(p).
25
Suppose 389 = 21*c - 199. What is the remainder when 106 is divided by c?
22
Suppose -5*o - 335 - 253 = -4*m, 294 = 2*m - 4*o. Calculate the remainder when m is divided by 22.
15
Let v(n) = 7*n + 16. Let r(w) = -8*w - 16. Let a(q) = 6*r(q) + 7*v(q). What is the remainder when 13 is divided by a(-9)?
6
Let z = -59 - -66. What is the remainder when (-24)/(-84) + 1076/z is divided by 26?
24
Suppose 47 = -5*u - 5*y + 192, -5*u - 3*y + 155 = 0. Let v(z) = -z**2 + 5*z + 5. Let k be v(6). Calculate the remainder when u is divided by 39/k*(-1)/3.
8
Let k be 6 - (4 + 0/2). Suppose 5*o = k*a - a - 31, 4*o + 20 = 0. What is the remainder when -1*(0 - (19 + -2)) is divided by a?
5
Let t be (-6)/((-3)/2 + 0). Suppose -4*j + 68 = p, 2*j - 20 - t = -3*p. Calculate the remainder when 87 is divided by j.
15
Suppose 9*x + 81 = 2*y + 8*x, 3*x - 44 = -y. What is the remainder when y is divided by 4?
1
Let s = 22 + -13. Suppose -2 = 11*l - 12*l. Suppose -l*t + 105 = t. What is the remainder when t is divided by s?
8
Let j(s) = s**3 + 4*s**2 - s - 8. Let b be 1/(-1 - 1)*6. Let u = 0 - b. Calculate the remainder when j(-3) is divided by u.
1
Suppose -17*q = -3*v - 12*q + 22, 16 = 2*v - 4*q. What is the remainder when 189 is divided by v?
1
Suppose -4*l - 5*b + 386 = 0, 0 = -l + 3*l - b - 186. Let x = l + -57. What is the remainder when x is divided by 134/14 + 28/(4116/63)?
7
Let g = 688 - 426. Calculate the remainder when g is divided by 45.
37
Let j = 29 - 5. Suppose -3*o - 297 = 3*r, 7*r + 303 = 4*r - 5*o. Let h = r + 166. Calculate the remainder when h is divided by j.
22
Let z = -2 + 0. What is the remainder when 0/(-6) - -7 - (-4 + 0) is divided by (-13)/(-2) - 1/z?
4
Suppose 0 = -1312*n + 1318*n - 42. What is the remainder when 418 is divided by n?
5
Suppose 34*j - 24*j - 400 = 0. Suppose 2*f - 295 = 19. What is the remainder when f is divided by j?
37
Let b be (0 - 0/(-3)) + 36 + 1. Let p = -36 + b. What is the remainder when 1 is divided by p?
0
Let n = -280 + 295. What is the remainder when 177 is divided by n?
12
Suppose 9*d + 10*d = 114. Let l(v) = v**2 - 8*v - 10. What is the remainder when l(10) is divided by d?
4
Suppose -268 = -18*u + 218. Calculate the remainder when 52 is divided by u.
25
Suppose 0 = -a - 4*g - 20, 31 = -a - a - 5*g. Let w = 11 - a. What is the remainder when 34 is divided by w?
15
Let o = -1229 - -1267. What is the remainder when 1023 is divided by o?
35
Let y = 358 + -96. What is the remainder when y is divided by 4?
2
Let y(u) = 17*u - 57. Calculate the remainder when 164 is divided by y(5).
24
Let x(o) = -o + 8. Let z(h) = -h**2 + 12*h + 33. Calculate the remainder when z(4) is divided by x(-9).
14
Suppose -4*z + 25 = 2*i - 13, -i - 41 = -3*z. Let n = -244 - -274. What is the remainder when n is divided by z?
6
Let f(x) = -2*x - 3*x - x - 10. Let y be 5 - (6 - 1) - 6. What is the remainder when 51 is divided by f(y)?
25
Suppose -2*p + 21 = 5*j - 9, 0 = 5*p + 3*j - 37. Suppose -p*y + 85 = 10. Calculate the remainder when 24 is divided by y.
9
Calculate the remainder when 95 is divided by 1*5 + (-13 + 5 - -14).
7
Let k be -17*(-1)/(3/3). Let q = k + 6. Suppose 546 = -4*a + 10*a. What is the remainder when a is divided by q?
22
Let v(d) = 4*d - 2. Let q be v(-1). Calculate the remainder when 65 is divided by q/(-9) - 97/(-3).
32
Let u(k) = 2*k**3 - 2*k**2 - 3*k + 2. Let c be u(2). Let h = 48 + -6. Suppose 0 = 5*d - c*d - h. What is the remainder when d is divided by 11?
9
Suppose 0 = -2*b - 2*r + 162, -4*b - 3*r = -289 - 39. Calculate the remainder when 234 is divided by b.
64
Let b(t) = 6*t**2 - 6*t**2 + 20*t + 5 - 2*t**2. Calculate the remainder when b(9) is divided by 8.
7
Calculate the remainder when 242 is divided by 1/(2 - 3) + -5 - -29.
12
Let a(d) = -2*d + 0 + 0 + 2. Let k be a(0). Suppose -26 = -2*z + k*m, -z + 15 + 3 = -2*m. What is the remainder when 23 is divided by z?
7
Let p = -37 - -39. Calculate the remainder when 3 is divided by (3 - (p - 1))/2.
0
Let a(v) = 3*v**2 + 9*v - 93. What is the remainder when a(-17) is divided by 89?
87
Suppose 0 = v - 5*s - 54 - 34, -4*s + 280 = 4*v. What is the remainder when v is divided by 21?
10
Let w(m) = 2*m + 2. Suppose 54 = 4*q - 230. What is the remainder when q is divided by w(3)?
7
Suppose -6*z = -9*z + 15. Suppose 4*n = 2*i - 46, 0 = -z*n - 15 + 5. Calculate the remainder when i is divided by 7.
5
Let o(a) = -a**3 - 6*a**2 + 3*a - 10. What is the remainder when o(-8) is divided by (-1)/((28/(-96))/7)?
22
Suppose 2*c - 5*m - 59 = 0, 2*c - 70 = -3*c - 3*m. What is the remainder when (